{"id":110,"date":"2024-01-22T19:59:52","date_gmt":"2024-01-22T19:59:52","guid":{"rendered":"https:\/\/beta.lebonplant.com\/?page_id=110"},"modified":"2024-01-22T20:00:35","modified_gmt":"2024-01-22T20:00:35","slug":"notre-histoire","status":"publish","type":"page","link":"https:\/\/lebonplant.com\/index.php\/notre-histoire\/","title":{"rendered":"Notre histoire"},"content":{"rendered":"\t\t<div data-elementor-type=\"wp-page\" data-elementor-id=\"110\" class=\"elementor elementor-110\">\n\t\t\t\t<div class=\"elementor-element elementor-element-12ffdf1 e-flex e-con-boxed e-con e-parent\" data-id=\"12ffdf1\" data-element_type=\"container\" data-e-type=\"container\">\n\t\t\t\t\t<div class=\"e-con-inner\">\n\t\t<div class=\"elementor-element elementor-element-3236941 e-flex e-con-boxed e-con e-child\" data-id=\"3236941\" data-element_type=\"container\" data-e-type=\"container\">\n\t\t\t\t\t<div class=\"e-con-inner\">\n\t\t\t\t<div class=\"elementor-element elementor-element-33cc795 elementor-arrows-position-inside elementor-pagination-position-outside elementor-widget elementor-widget-image-carousel\" data-id=\"33cc795\" data-element_type=\"widget\" data-e-type=\"widget\" data-settings=\"{&quot;slides_to_show&quot;:&quot;4&quot;,&quot;navigation&quot;:&quot;both&quot;,&quot;autoplay&quot;:&quot;yes&quot;,&quot;pause_on_hover&quot;:&quot;yes&quot;,&quot;pause_on_interaction&quot;:&quot;yes&quot;,&quot;autoplay_speed&quot;:5000,&quot;infinite&quot;:&quot;yes&quot;,&quot;speed&quot;:500,&quot;image_spacing_custom&quot;:{&quot;unit&quot;:&quot;px&quot;,&quot;size&quot;:20,&quot;sizes&quot;:[]},&quot;image_spacing_custom_tablet&quot;:{&quot;unit&quot;:&quot;px&quot;,&quot;size&quot;:&quot;&quot;,&quot;sizes&quot;:[]},&quot;image_spacing_custom_mobile&quot;:{&quot;unit&quot;:&quot;px&quot;,&quot;size&quot;:&quot;&quot;,&quot;sizes&quot;:[]}}\" data-widget_type=\"image-carousel.default\">\n\t\t\t\t<div class=\"elementor-widget-container\">\n\t\t\t\t\t\t\t<div class=\"elementor-image-carousel-wrapper swiper\" role=\"region\" aria-roledescription=\"carousel\" aria-label=\"Image Carousel\" dir=\"ltr\">\n\t\t\t<div class=\"elementor-image-carousel swiper-wrapper\" aria-live=\"off\">\n\t\t\t\t\t\t\t\t<div class=\"swiper-slide\" role=\"group\" aria-roledescription=\"slide\" aria-label=\"1 of 5\"><figure class=\"swiper-slide-inner\"><img decoding=\"async\" class=\"swiper-slide-image\" src=\"https:\/\/lebonplant.com\/wp-content\/uploads\/2024\/01\/fruit-3215625_1920-om4ks1rz279f3axyj83v9pm6rrvviokhuzx4mhvfns.jpg\" alt=\"fruit-3215625_1920-om4ks1rz279f3axyj83v9pm6rrvviokhuzx4mhvfns\" \/><\/figure><\/div><div class=\"swiper-slide\" role=\"group\" aria-roledescription=\"slide\" aria-label=\"2 of 5\"><figure class=\"swiper-slide-inner\"><img decoding=\"async\" class=\"swiper-slide-image\" src=\"https:\/\/lebonplant.com\/wp-content\/uploads\/2024\/01\/farm-farming-fruits-39511-2-scaled-om4kr4vmf00dsy9qvbvxcfx1zae119xw2h34tt87pk.jpg\" alt=\"farm-farming-fruits-39511-2-scaled-om4kr4vmf00dsy9qvbvxcfx1zae119xw2h34tt87pk\" \/><\/figure><\/div><div class=\"swiper-slide\" role=\"group\" aria-roledescription=\"slide\" aria-label=\"3 of 5\"><figure class=\"swiper-slide-inner\"><img decoding=\"async\" class=\"swiper-slide-image\" src=\"https:\/\/lebonplant.com\/wp-content\/uploads\/2024\/01\/clouds-cropland-dawn-1277181-scaled-om4kr149nnv8iif7ha9f2gv7lqwk6hiypyh6wpdseg.jpg\" alt=\"clouds-cropland-dawn-1277181-scaled-om4kr149nnv8iif7ha9f2gv7lqwk6hiypyh6wpdseg\" \/><\/figure><\/div><div class=\"swiper-slide\" role=\"group\" aria-roledescription=\"slide\" aria-label=\"4 of 5\"><figure class=\"swiper-slide-inner\"><img decoding=\"async\" class=\"swiper-slide-image\" src=\"https:\/\/lebonplant.com\/wp-content\/uploads\/2024\/01\/876251-scaled-om4l1kv2cqb2sz3lvuep1t1flewuk7eiu61cshqqko.jpg\" alt=\"876251-scaled-om4l1kv2cqb2sz3lvuep1t1flewuk7eiu61cshqqko\" \/><\/figure><\/div><div class=\"swiper-slide\" role=\"group\" aria-roledescription=\"slide\" aria-label=\"5 of 5\"><figure class=\"swiper-slide-inner\"><img decoding=\"async\" class=\"swiper-slide-image\" src=\"https:\/\/lebonplant.com\/wp-content\/uploads\/2024\/01\/SNC11242-gew1-om4krsdl5uwjv7bm241lkrzktx67dpj6hpe9tq9de0.jpg\" alt=\"SNC11242-gew1-om4krsdl5uwjv7bm241lkrzktx67dpj6hpe9tq9de0\" \/><\/figure><\/div>\t\t\t<\/div>\n\t\t\t\t\t\t\t\t\t\t\t\t<div class=\"elementor-swiper-button elementor-swiper-button-prev\" role=\"button\" tabindex=\"0\">\n\t\t\t\t\t\t<svg aria-hidden=\"true\" class=\"e-font-icon-svg e-eicon-chevron-left\" viewBox=\"0 0 1000 1000\" xmlns=\"http:\/\/www.w3.org\/2000\/svg\"><path d=\"M646 125C629 125 613 133 604 142L308 442C296 454 292 471 292 487 292 504 296 521 308 533L604 854C617 867 629 875 646 875 663 875 679 871 692 858 704 846 713 829 713 812 713 796 708 779 692 767L438 487 692 225C700 217 708 204 708 187 708 171 704 154 692 142 675 129 663 125 646 125Z\"><\/path><\/svg>\t\t\t\t\t<\/div>\n\t\t\t\t\t<div class=\"elementor-swiper-button elementor-swiper-button-next\" role=\"button\" tabindex=\"0\">\n\t\t\t\t\t\t<svg aria-hidden=\"true\" class=\"e-font-icon-svg e-eicon-chevron-right\" viewBox=\"0 0 1000 1000\" xmlns=\"http:\/\/www.w3.org\/2000\/svg\"><path d=\"M696 533C708 521 713 504 713 487 713 471 708 454 696 446L400 146C388 133 375 125 354 125 338 125 325 129 313 142 300 154 292 171 292 187 292 204 296 221 308 233L563 492 304 771C292 783 288 800 288 817 288 833 296 850 308 863 321 871 338 875 354 875 371 875 388 867 400 854L696 533Z\"><\/path><\/svg>\t\t\t\t\t<\/div>\n\t\t\t\t\n\t\t\t\t\t\t\t\t\t<div class=\"swiper-pagination\"><\/div>\n\t\t\t\t\t\t\t\t\t<\/div>\n\t\t\t\t\t\t<\/div>\n\t\t\t\t<\/div>\n\t\t\t\t\t<\/div>\n\t\t\t\t<\/div>\n\t\t\t\t\t<\/div>\n\t\t\t\t<\/div>\n\t\t<div class=\"elementor-element elementor-element-d144d79 e-flex e-con-boxed e-con e-parent\" data-id=\"d144d79\" data-element_type=\"container\" data-e-type=\"container\">\n\t\t\t\t\t<div class=\"e-con-inner\">\n\t\t\t\t<div class=\"elementor-element elementor-element-8f1426d elementor-widget elementor-widget-heading\" data-id=\"8f1426d\" data-element_type=\"widget\" data-e-type=\"widget\" data-widget_type=\"heading.default\">\n\t\t\t\t<div class=\"elementor-widget-container\">\n\t\t\t\t\t<h2 class=\"elementor-heading-title elementor-size-default\">Les origines<\/h2>\t\t\t\t<\/div>\n\t\t\t\t<\/div>\n\t\t\t\t<div class=\"elementor-element elementor-element-a0d4878 elementor-widget elementor-widget-text-editor\" data-id=\"a0d4878\" data-element_type=\"widget\" data-e-type=\"widget\" data-widget_type=\"text-editor.default\">\n\t\t\t\t<div class=\"elementor-widget-container\">\n\t\t\t\t\t\t\t\t\t<section class=\"elementor-section elementor-top-section elementor-element elementor-element-fe74760 elementor-section-boxed elementor-section-height-default elementor-section-height-default\" data-id=\"fe74760\" data-element_type=\"section\"><div class=\"elementor-container elementor-column-gap-default\"><div class=\"elementor-row\"><div class=\"elementor-column elementor-col-100 elementor-top-column elementor-element elementor-element-312e3c8\" data-id=\"312e3c8\" data-element_type=\"column\"><div class=\"elementor-column-wrap elementor-element-populated\"><div class=\"elementor-widget-wrap\"><div class=\"elementor-element elementor-element-3ee531e elementor-widget elementor-widget-text-editor\" data-id=\"3ee531e\" data-element_type=\"widget\" data-widget_type=\"text-editor.default\"><div class=\"elementor-widget-container\"><div class=\"elementor-text-editor elementor-clearfix\"><p>L\u2019exploitation a \u00e9t\u00e9 cr\u00e9\u00e9e apr\u00e8s la deuxi\u00e8me Guerre Mondiale par Alphonse Schaffner. Jusqu\u2019en 1983 ce fut une exploitation de type polyculture (tabac, c\u00e9r\u00e9ales, animaux, vignes et p\u00e9pini\u00e8re viticole). Ne pouvant s\u2019\u00e9tendre dans tous les domaines, il d\u00e9cida de s\u2019\u00e9tendre dans les domaines viticoles et de la p\u00e9pini\u00e8re viticole. A l\u2019\u00e9poque Alphonse greffait des plants de vigne pour lui-m\u00eame et il commercialisait l\u2019exc\u00e9dent de plants aux viticulteurs voisins. Voyant ses coll\u00e8gues satisfaits et de plus en plus demandeurs, Alphonse d\u00e9cida de d\u00e9velopper cette activit\u00e9.<\/p><p>Son fils Raymond ne tarda pas \u00e0 le rejoindre pour continuer le d\u00e9veloppement des plants de vigne tout en augmentant la surface viticole.\u00a0 En 2001, l\u2019arriv\u00e9e dans l\u2019entreprise de Jo\u00ebl et le d\u00e9veloppement croissant de l\u2019activit\u00e9 de p\u00e9pini\u00e8re\u00a0incitent la famille Schaffner \u00e0 s\u2019exiler hors du village d\u2019Ergersheim pour s\u2019installer dans de nouveaux b\u00e2timents plus spacieux, plus modernes et plus adapt\u00e9s \u00e0 notre m\u00e9tier.<\/p><p>De nos jours, l\u2019entreprise est dirig\u00e9e par Jo\u00ebl et Pierre Schaffner qui allient savoir-faire, dynamisme et modernit\u00e9.<\/p><p>Un\u00a0rayonnement europ\u00e9en<\/p><p>La majorit\u00e9 de nos clients sont situ\u00e9s en Alsace mais des clients allemands, belges, suisses et luxembourgeois nous t\u00e9moignent aussi quotidiennement leur confiance\u00a0et leur fid\u00e9lit\u00e9.<\/p><p>Notre entreprise en quelques chiffres<\/p><p>Dans les ann\u00e9es 1950, environ 20 000 plants \u00e9taient mis en p\u00e9pini\u00e8re. De nos jours c\u2019est environ 1 million de plants que nous greffons. Ce constant d\u00e9veloppement, rendu possible par l\u2019am\u00e9lioration continue de la qualit\u00e9 de nos plants de vigne et la volont\u00e9 de nous adapter quotidiennement aux \u00e9volutions de la Viticulture, vous garantit notre s\u00e9rieux.<\/p><\/div><\/div><\/div><\/div><\/div><\/div><\/div><\/div><\/section>\t\t\t\t\t\t\t\t<\/div>\n\t\t\t\t<\/div>\n\t\t\t\t\t<\/div>\n\t\t\t\t<\/div>\n\t\t\t\t<\/div>\n\t\t","protected":false},"excerpt":{"rendered":"<p>Les origines L\u2019exploitation a \u00e9t\u00e9 cr\u00e9\u00e9e apr\u00e8s la deuxi\u00e8me Guerre Mondiale par Alphonse Schaffner. Jusqu\u2019en 1983 ce fut une exploitation de type polyculture (tabac, c\u00e9r\u00e9ales, animaux, vignes et p\u00e9pini\u00e8re viticole). Ne pouvant s\u2019\u00e9tendre dans tous les domaines, il d\u00e9cida de s\u2019\u00e9tendre dans les domaines viticoles et de la p\u00e9pini\u00e8re viticole. A l\u2019\u00e9poque Alphonse greffait des [&hellip;]<\/p>\n","protected":false},"author":1,"featured_media":0,"parent":0,"menu_order":0,"comment_status":"closed","ping_status":"closed","template":"","meta":{"footnotes":""},"class_list":["post-110","page","type-page","status-publish","hentry","entry"],"_links":{"self":[{"href":"https:\/\/lebonplant.com\/index.php\/wp-json\/wp\/v2\/pages\/110","targetHints":{"allow":["GET"]}}],"collection":[{"href":"https:\/\/lebonplant.com\/index.php\/wp-json\/wp\/v2\/pages"}],"about":[{"href":"https:\/\/lebonplant.com\/index.php\/wp-json\/wp\/v2\/types\/page"}],"author":[{"embeddable":true,"href":"https:\/\/lebonplant.com\/index.php\/wp-json\/wp\/v2\/users\/1"}],"replies":[{"embeddable":true,"href":"https:\/\/lebonplant.com\/index.php\/wp-json\/wp\/v2\/comments?post=110"}],"version-history":[{"count":4,"href":"https:\/\/lebonplant.com\/index.php\/wp-json\/wp\/v2\/pages\/110\/revisions"}],"predecessor-version":[{"id":114,"href":"https:\/\/lebonplant.com\/index.php\/wp-json\/wp\/v2\/pages\/110\/revisions\/114"}],"wp:attachment":[{"href":"https:\/\/lebonplant.com\/index.php\/wp-json\/wp\/v2\/media?parent=110"}],"curies":[{"name":"wp","href":"https:\/\/api.w.org\/{rel}","templated":true}]}}